2).
-7
Let h(f) = f + 3. Calculate h(0).
3
Let g(f) = -24*f + 4. What is g(-1)?
28
Let a(l) = l**3 - 14*l**2 + 16*l - 30. Give a(12).
-126
Let r(u) = u**3 - 13*u**2 - 10*u + 2. Determine r(14).
58
Let y(v) = v**2 - 7*v - 3. Calculate y(8).
5
Let f(n) = -14*n - 262. Give f(-19).
4
Let x(q) = 3*q**2 - q. What is x(1)?
2
Let v(d) = -6*d - 28. Determine v(7).
-70
Let o(f) = f**3 - 10*f**2 - 12*f + 8. Calculate o(11).
-3
Let v(d) = d**3 + 7*d + 17. Give v(-2).
-5
Let f(n) = -2*n**2 - 13*n - 2. Calculate f(-8).
-26
Let b(y) = 15*y - 4. Calculate b(5).
71
Let v(p) = 11*p - 40. Determine v(4).
4
Let m(o) = -6*o - 41. Give m(-4).
-17
Let z(m) = -m**3 + 23*m**2 - 21*m - 7. Determine z(22).
15
Let r(k) = 17*k + 122. Give r(-6).
20
Let m(x) = -x**3 - 12*x**2 - 9*x - 31. Determine m(-11).
-53
Let k(j) = 2*j**2 + 14*j - 5. Give k(-6).
-17
Let a(t) = 12*t**2 - t + 1. Determine a(1).
12
Let f(n) = -n**2 + 17*n - 43. Give f(14).
-1
Let r(c) = -c**3 - 4*c**2 - 3*c + 5. What is r(-4)?
17
Let q(l) = -l**2 - 10*l + 98. Calculate q(-17).
-21
Let f(o) = o**2 + 13*o + 3. Give f(-12).
-9
Let h(b) = 6*b + 27. What is h(7)?
69
Let t(l) = -l**2 + 23*l - 27. What is t(22)?
-5
Let n(s) = s**3 - 13*s**2 + 2*s. What is n(13)?
26
Let w(m) = 2*m + 2. Calculate w(2).
6
Let k(a) = 5*a - 9. What is k(-5)?
-34
Let y(m) = 7*m**2 + 32*m + 2. What is y(-5)?
17
Let n(r) = r**2 + 4*r - 1. Determine n(-3).
-4
Let j(u) = -3*u**3 - 2*u - 1. Determine j(-1).
4
Let d(t) = -t**2 - 7*t - 16. Calculate d(-5).
-6
Let u(q) = q**3 - q**2. Calculate u(-1).
-2
Let t(o) = -7*o**2 - 100*o - 32. What is t(-14)?
-4
Let b(w) = w**3 + 35*w**2 + 67*w + 50. Determine b(-33).
17
Let g(d) = d**2 + d - 7. Calculate g(5).
23
Let t(i) = 21*i**3 + 6*i**2 - i - 1. Give t(1).
25
Let g(q) = q + 11. Give g(0).
11
Let i(z) = 2*z**3 + 8*z**2 + 2*z - 10. Determine i(-2).
2
Let i(a) = 2*a + 32. What is i(-26)?
-20
Let i(r) = r**3 + 10*r**2 + 13*r - 14. Give i(-8).
10
Let k(y) = -2*y**2 - 20*y + 20. What is k(-11)?
-2
Let x(i) = -i**3 - 11*i**2 - 2*i - 24. Calculate x(-11).
-2
Let j(d) = 18*d - 2. Determine j(2).
34
Let a(w) = w**3 + 10*w**2 + 11*w - 5. Calculate a(-2).
5
Let s(u) = -29*u - 38. Give s(-7).
165
Let a(s) = 10*s - 16. What is a(-4)?
-56
Let f(i) = i**2 - 5*i + 1. Calculate f(6).
7
Let d(g) = -g**2 + 10*g - 24. What is d(7)?
-3
Let v(c) = c**3 + 6*c**2 - 8*c. Give v(-7).
7
Let j(q) = -17*q + 33. Give j(5).
-52
Let p(z) = 82*z + 4. Determine p(1).
86
Let j(t) = 4*t - 24. Give j(7).
4
Let w(g) = -g - 3. What is w(-4)?
1
Let s(r) = r**3 + 13*r**2 - 72*r - 66. Give s(-17).
2
Let j(k) = k**2 - 9*k + 4. Calculate j(8).
-4
Let q(r) = -2*r**2 + r - 13. Calculate q(3).
-28
Let x(o) = -o**3 + 4*o**2 - 12*o + 15. Determine x(2).
-1
Let z(t) = t**3 + 4*t**2 + 5*t - 2. Determine z(-4).
-22
Let j(w) = -w**2 - 2*w - 36. What is j(0)?
-36
Let u(w) = w**2 + 11*w + 2. Determine u(-11).
2
Let x(c) = c**2 + 5*c - 27. Determine x(-8).
-3
Let a(d) = 18*d - 1. Calculate a(1).
17
Let l(t) = -15*t + 27. Give l(4).
-33
Let y(w) = w**2 - 7*w + 3. Determine y(7).
3
Let r(w) = -3*w - 46. Determine r(6).
-64
Let s(n) = 34*n + 23. What is s(-2)?
-45
Let o(v) = -v**2 - 6*v + 13. What is o(3)?
-14
Let r(t) = -t**2 + 17*t - 10. Give r(18).
-28
Let v(b) = b + 5. What is v(-12)?
-7
Let d(b) = 26*b + 80. Give d(-3).
2
Let j(d) = -2*d**2 - 4*d + 54. Determine j(6).
-42
Let h(w) = 8*w + 88. Calculate h(-12).
-8
Let y(w) = w**3 - 20*w**2 + 17*w + 17. Determine y(19).
-21
Let h(v) = 41*v**3 + v. Determine h(-1).
-42
Let s(j) = 6*j**3 + j**2 - 3*j + 1. Determine s(2).
47
Let l(d) = -d**2 - d. What is l(0)?
0
Let z(a) = 29*a - 4. Calculate z(-1).
-33
Let p(f) = -3*f**2 - f + 1. Calculate p(1).
-3
Let o(b) = -b**2 - b + 12. Calculate o(-6).
-18
Let k(w) = -w**2 + 7*w + 7. Give k(6).
13
Let w(u) = -u**2 + 6*u + 10. Calculate w(8).
-6
Let j(o) = -11*o**2 + 2*o - 3. Determine j(1).
-12
Let p(v) = -v**3 - 7*v**2 - 5*v - 11. Calculate p(-5).
-36
Let y(z) = -57*z + 7. What is y(1)?
-50
Let v(n) = -n**3 - 11*n**2 - 3*n - 16. Determine v(-11).
17
Let u(w) = 2*w**2 - 38*w + 1. Determine u(19).
1
Let m(a) = -a + 23. Determine m(19).
4
Let q(z) = -z - 4. What is q(-3)?
-1
Let n(f) = 6*f - 2. What is n(-2)?
-14
Let a(t) = -t**3 - 6*t**2 - 2*t + 12. Give a(-5).
-3
Let i(h) = 3*h**2 - 20*h - 17. Calculate i(9).
46
Let k(q) = -q**3 + q - 11. What is k(0)?
-11
Let v(c) = 2*c**3 + 2*c**2 - 8*c - 3. Give v(-3).
-15
Let i(t) = -t**3 - 6*t**2 - 13*t - 22. What is i(-4)?
-2
Let h(b) = b**3 + 12*b**2 - 10*b + 16. Determine h(-13).
-23
Let d(q) = -2*q**3 - 6*q**2 - 3*q + 9. Calculate d(-4).
53
Let p(q) = 17*q - 81. Give p(5).
4
Let q(h) = -h**2 + 10*h + 34. Determine q(13).
-5
Let r(l) = 8*l + 8. Give r(-4).
-24
Let u(b) = -30*b - 179. Calculate u(-6).
1
Let s(t) = 3*t - 3. Determine s(-3).
-12
Let n(d) = -4*d - 160. What is n(-40)?
0
Let q(o) = -5*o - 3. Calculate q(-3).
12
Let g(r) = 95*r. Give g(1).
95
Let s(c) = -28*c - 416. Determine s(-15).
4
Let q(t) = 4*t - 8. Give q(12).
40
Let o(v) = 2*v**2 + 72*v + 399. Calculate o(-29).
-7
Let a(p) = p**3 + 2*p**2 - 10*p + 7. Determine a(-5).
-18
Let y(v) = -8*v + 10. Calculate y(6).
-38
Let n(l) = 5*l - 1. Calculate n(-5).
-26
Let j(g) = -2*g + 17. Give j(5).
7
Let s(l) = l**2 - 14*l + 19. Determine s(11).
-14
Let u(t) = -t**3 - 11*t**2 + 14*t - 6. Give u(-12).
-30
Let b(r) = 4*r**3 - 3*r**2 + 2*r - 3. Give b(2).
21
Let d(u) = 6*u**2 + 2*u + 1. Calculate d(-2).
21
Let i(q) = 12*q + 2. Give i(4).
50
Let c(u) = u**2 + u + 1. Give c(-1).
1
Let t(z) = -z**3 - 12*z**2 + z + 3. Determine t(-12).
-9
Let k(a) = 3*a**2 - 2*a - 3. Calculate k(5).
62
Let r(a) = -5*a - 29. Give r(-16).
51
Let v(g) = -5*g - 2. Determine v(3).
-17
Let y(j) = 2*j**2 - j - 45. Calculate y(4).
-17
Let m(i) = 2*i + 9. Calculate m(-7).
-5
Let s(k) = -3*k**2 + 27*k + 2. What is s(12)?
-106
Let y(r) = -r**3 - 19*r**2 + 4*r + 65. Give y(-19).
-11
Let r(l) = -l**2 + 18*l - 1. Determine r(14).
55
Let x(d) = 5*d + 29. Give x(-16).
-51
Let a(v) = -6*v - 43. Calculate a(-10).
17
Let i(j) = 2*j + 11. Calculate i(-16).
-21
Let f(m) = -m**3 + 5*m**2 - 4. Determine f(5).
-4
Let c(t) = t**3 + 11*t**2 - 242*t - 2. Calculate c(-22).
-2
Let h(v) = 108*v - 771. Calculate h(7).
-15
Let p(z) = z**2 + 7*z + 25. What is p(-7)?
25
Let l(o) = 73*o + 139. What is l(-2)?
-7
Let j(b) = 8*b + 45. Calculate j(-4).
13
Let n(d) = -d**3 - 2*d**2 - 10*d - 76. What is n(-4)?
-4
Let u(f) = -f**2 - 11*f - 8. Give u(-9).
10
Let q(c) = -54*c**2 - c. Determine q(-1).
-53
Let w(n) = -n**3 + 8*n**2 + 10*n + 5. Calculate w(9).
14
Let s(t) = 2*t**2 - 3*t - 3. Determine s(3).
6
Let r(t) = -t**2 + 5*t + 13. Give r(6).
7
Let f(a) = a**3 - 3*a**2 - 10*a - 3. Calculate f(5).
-3
Let j(u) = u**2 - 9*u - 14. Give j(5).
-34
Let y(v) = -13*v - 3. What is y(-2)?
23
Let n(g) = -17*g**3 - g - 1. What is n(-1)?
17
Let d(l) = 2*l**2 + 40*l + 42. Give d(-19).
4
Let t(q) = q**2 - 24*q + 23. Give t(22).
-21
Let h(t) = 4*t**2 + 2*t + 1. What is h(2)?
21
Let b(l) = -15*l - 8. Calculate b(-2).
22
Let r(s) = s**2 - 14*s + 27. Determine r(11).
-6
Let o(t) = 2*t**2 - 5*t + 2. Calculate o(6).
44
Let t(q) = q**3 + 8*q**2 + 2*q - 3. What is t(-8)?
-19
Let w(l) = l**3 + 4*l**2 - 8. Calculate w(-3).
1
Let w(t) = t**2 + 3*t - 13. Give w(3).
5
Let l(y) = -y**2 - 3*y + 3. Give l(-3).
3
Let d(h) = -h**3 + 6*h**2 + 9*h - 16. Calculate d(7).
-2
Let s(i) = i**3 + 8*i**2 - 6*i + 13. Calculate s(-9).
-14
Let h(o) = -o**3 + 19*o**2 - 61*o + 26. Give h(15).
11
Let d(j) = 2*j**2 + 43*j - 17. Determine d(-22).
5
Let g(j) = -j**3 - 6*j**2 - 9*j - 1. Calculate g(-4).
3
Let a(m) = -m**2 - 11*m - 19. Calculate a(-5).
11
Let q(h) = -h**3 + 4*h**2 + 6*h - 15. Calculate q(4).
9
Let y(n) = 11*n + 141. What is y(-13)?
-2
Let o(p) = 238*p - 478. What is o(2)?
-2
Let l(c) = 16*c + 30. Calculate l(-2).
-2
Let a(p) = 9*p**2 + 9*p + 17. Determine a(-2).
35
Let d(u) = -6*u**2 + 29*u + 1. Calculate d(5).
-4
Let x(c) = 24*c + 15. Determine x(-2).
-33
Let k(q) = -q**3 + 11*q**2 + 2*q - 16. Calculate k(11).
6
Let t(p) = -41*p + 1. What is t(1)?
-40
Let c(z) = -2*z**3 - 4*z**2 - 3*z + 1. What is c(-2)?
7
Let g(i) = 4*i**2 + 15*i + 5. Give g(-4).
9
Let i(d) = -d**2 - 14*d - 5. Give i(-14).
-5
Let d(h) = h**2 + 2*h - 1. Determine d(-4).
7
Let k(z) = 32*z + 1373.